1)?
10
Let y(c) = 8*c**3 - c**2 + c + 2. Suppose -4*s - 3*w = 4, 5*w = -26 + 6. Let x(i) = 8*i**3 - i**2 + i + 3. Let k(f) = s*x(f) - 3*y(f). Give k(1).
-8
Let j(k) be the first derivative of k**4/12 + 4*k**3/3 + 7*k**2/2 - k - 1. Let p(y) be the first derivative of j(y). Suppose -60 = 34*v - 22*v. Give p(v).
-8
Let m = 1156 + -1148. Let p(s) be the third derivative of s**3 + 1/60*s**5 + 0 + m*s**2 + 0*s + 1/4*s**4. Give p(-6).
6
Suppose 5*b - 14 = s + 11, -5 = -s. Let o(c) = -c**3 + 5*c**2 + 7*c + 4. Give o(b).
10
Let q be 2/((-12)/8*(-1)/3). Let k(x) = -x**2 + 3*x + 2. What is k(q)?
-2
Let r be 6/(-15)*15/1. Let c(i) be the second derivative of i**3/2 - i**2/2 - 31*i. Calculate c(r).
-19
Suppose 3*j + 2*j = -4*h - 7, 0 = -5*j - 5*h - 5. Let t(y) = -y**2 + 2*y + 11. Let i be t(j). Let o(v) = -v**2 - 2*v + 3. Determine o(i).
-5
Let s(w) = 123 - 216 + 90 + w**2. Calculate s(-2).
1
Suppose -1 = -2*g + 3. Suppose 7*u - g*u = 20. Let n(d) = 15*d**2 - 10*d + 25. Let f(z) = -7*z**2 + 5*z - 12. Let p(t) = -13*f(t) - 6*n(t). Calculate p(u).
2
Let t(x) = -x - 15. Suppose -5*o = -3*f - 4 - 2, o + 4 = -2*f. Suppose 13*l - 10 = 8*l. Let a be f - (l + 2) - 1. Determine t(a).
-8
Let u = -1568 + 1571. Let b(d) = -2*d**3 + 3*d**2 + d - 3. Give b(u).
-27
Let b(x) be the third derivative of x**5/60 - 3*x**4/8 + 7*x**3/6 + 3040*x**2. Let l(h) = h**3 + 6*h**2 + 6*h. Let q be l(-4). Give b(q).
-1
Let u(p) be the third derivative of p**5/30 - p**4/8 - p**3/2 + p**2 - 102*p. Suppose -2*i = 5*k + 1, -4*i - 3*k - 23 = -0*k. Let c = 11 + i. Determine u(c).
6
Let u be (22/(-6) - -4)*-3. Let x(a) = 3*a**2 - 1. Let j(h) = 2*h**2 - 1. Let c(i) = 7*j(i) - 6*x(i). Calculate c(u).
-5
Let h(b) = 5*b**3 - 20*b**2 - 11*b - 17. Let p(c) = c**3 - 5*c**2 - 3*c - 4. Suppose -7*j + 33 = 96. Let i(z) = j*p(z) + 2*h(z). What is i(-4)?
-2
Let g(n) = n + 10. Let y(c) = 7*c + 16. Let w(x) = x - 1. Let d(v) = 5*w(v) - y(v). Let q(m) = -3*d(m) - 5*g(m). Let s = -13 + 7. Calculate q(s).
7
Let g(w) be the second derivative of w**3/3 + 2*w**2 + w. Let j(r) = r**2 - 19*r + 31*r + 0*r**2 + 0*r**2 - 25. Let k be j(-14). What is g(k)?
10
Let p(a) = 7*a**2 + 11*a + 9. Let g(b) = 4*b**2 + 6*b + 5. Let m(u) = -5*g(u) + 3*p(u). Suppose -6*l = -l + 20. What is m(l)?
6
Let z(m) = 6*m**2 - 6*m - m**3 + 6*m**2 - 19*m**2. Give z(-6).
0
Let q = 40 + -44. Let i(d) = -d**3 - 2*d**2 + 4*d. Give i(q).
16
Suppose w - 7 = -0*w. Let t be (-16)/28 + (-31)/w. Let q(u) = 9*u**2 + u + 8. Let h(k) = -5*k**2 - k - 4. Let y(v) = -11*h(v) - 6*q(v). Determine y(t).
-4
Let k(o) = -o**2 + 3*o. Let g(z) = -z + 1. Let x(q) = 5*g(q) - k(q). Let y = 20285 - 20280. Calculate x(y).
-10
Suppose 35 = -4*l + 9*l. Suppose 2*v - 1 = 3*n - l, -18 = -2*v - 3*n. Suppose v*j + 0*j = k + 12, -3*j - k = -18. Let b(q) = q**3 - 5*q**2 - 3. Give b(j).
-3
Let h(q) = -2*q**2 + 13*q - 5. Let y(s) = 3*s**2 - 20*s + 8. Let o(k) = 8*h(k) + 5*y(k). Suppose -3*x + 4 = -11. Determine o(x).
-5
Let p = -26 - -28. Let c(q) = p*q + 6*q + 1 - 3*q. Calculate c(1).
6
Let x(i) = -i**3 + 7*i**2 + 7*i + 13. Suppose 0 = 5*z + 3*w - 55, -4*w + 41 = 2*z + w. Determine x(z).
5
Let o be (-72)/(-30)*(-10)/(-4). Let m = o - 6. Suppose 2*v - v - 6 = m. Let p(k) = -k**2 + 4*k + 1. Calculate p(v).
-11
Let a(o) = -11*o + 13. Let b(h) = -22*h + 31. Let d(f) = 5*a(f) - 2*b(f). Calculate d(-3).
36
Suppose -2*w = 2*x - 8, x - 2*w - 6 = -2. Let q(y) = -2*y + 8 - x*y**2 + 2*y**3 + 5 - 21 + 10. Calculate q(3).
14
Let q = 59 + -56. Let m(s) = -4 + q*s + s**2 + 6 - 6*s. What is m(4)?
6
Let y(w) = -w**2 + 4*w - 25. Let z(r) = r**2 - 4*r + 17. Let x(d) = 2*y(d) + 3*z(d). Calculate x(3).
-2
Let d(q) = -4*q**2 + q - 4. Let p(v) = 2*v**2 + 3. Let m(f) = 3*d(f) + 5*p(f). Calculate m(3).
-6
Let t(h) = h**2 + h - 3. Let z be t(2). Suppose -z*y + y + 32 = 0. Suppose 2*i - 6 + y = 0. Let m(p) = -p**2 - 5*p + 2. What is m(i)?
2
Let o(r) = -7*r**3 - 2*r**2 + r. Let i(c) = -c**3 - 10*c**2 - 18*c + 10. Let j be i(-3). Calculate o(j).
-8
Let m(t) be the first derivative of -t**4/4 + 3*t**3 + 11*t**2/2 - 8*t + 90. Give m(10).
2
Let t(l) = 4 + 0 - 2*l + l. Let k be 204/26 - 14/(-91). Suppose y = 3*a + k, 7*a - 3*a - 5*y = 4. Give t(a).
8
Let d(u) = 2*u**3 + 70*u**2 - 70*u + 74. Let j be d(-36). Let a(o) = -o**3 - 6 + 0*o + 3*o + 3*o**2 + 3. What is a(j)?
7
Let x(a) = a**3 - 7*a**2 + 2*a + 13. Suppose 0 = -2*r - 10*r + 84. Calculate x(r).
27
Let y be 51/(-6) + (-1)/2. Let g = y + 15. Let t(f) = -4*f + 11. Let l(c) = -3*c + 10. Let d(b) = -3*l(b) + 2*t(b). Determine d(g).
-2
Let m(p) = -11*p**3 + p**2. Let k be m(1). Let f = -6 - k. Let o(z) = z - 3 - 3*z - 6 + 5. Determine o(f).
-12
Let l = 34 - 31. Suppose -5*c - g + 16 = 3*g, 10 = l*c + 2*g. Let r(k) = -k - 3. Determine r(c).
-7
Let k(d) be the third derivative of d**6/10 - d**4/24 + d**3/6 - 79*d**2. Calculate k(1).
12
Let j(y) = -6*y + 110. Let r be j(19). Let i(n) = -4*n - 2. Give i(r).
14
Let d(r) = -3*r - 17. Let o(w) = 8*w + 46. Let h(x) = 11*d(x) + 4*o(x). What is h(13)?
-16
Let n(o) be the second derivative of o**5/20 + o**4/2 + 2*o**3/3 + o**2/2 + 115*o. What is n(-6)?
-23
Let o(t) = 5*t**2 + t - 4. Let b(c) = 7*c**2 + 6. Let d(f) = -f**2 - 1. Let v(i) = b(i) + 6*d(i). Let p(r) = o(r) - 6*v(r). What is p(4)?
-16
Let h(p) = -11*p**3 - 34*p**2 - 12*p - 5. Let v(n) = -4*n**3 - 12*n**2 - 4*n - 2. Let c(b) = 3*h(b) - 8*v(b). What is c(-5)?
-4
Let w(k) = 5*k**3 - 9*k**2 + 9*k. Let v(q) = -q**3 + q**2 - q - 1. Let c(b) = 4*v(b) + w(b). Let u(t) = 4*t + 23. Let r be u(-5). Calculate c(r).
-7
Let j(g) = 6*g + 0*g - 2 - 8*g**3 + 3 - 4*g. Let m(x) = x**2 + x - 1. Let z be m(-3). Let s = z - 6. Determine j(s).
7
Let s(u) be the first derivative of u**3/3 + 5*u**2/2 + 2*u - 166. Determine s(-6).
8
Let a(m) = m**3 - 7*m**2 + 7*m - 4. Suppose -46 = -2*k - 20. Suppose -s + k*s = 72. Give a(s).
2
Let o(k) be the third derivative of 7*k**5/30 - k**4/24 - k**2. Let c = 7 - 1. Let j(p) = -p**3 + 6*p**2 - p + 5. Let i be j(c). What is o(i)?
15
Let k(d) = -d**3 + 7*d**2 - 5*d - 8. Suppose 0 = -3*r + 9. Suppose -4*m + 28 = b, 4*m - b = r*b + 8. Give k(m).
-2
Let b(g) = -g + 17. Let c(p) = -4*p + 61. Let z(s) = 3*b(s) - c(s). Suppose 4*o - 41 = 7. Determine z(o).
2
Suppose l + 4 = -2*g + 27, 0 = 3*g + 3*l - 39. Let m(j) = -j**3 + 9*j**2 + 13*j - 10. Give m(g).
20
Let s be -3 + 4/1 + 1. Let j = 1 + s. Suppose -u + j = 2. Let p(b) = -9*b. Determine p(u).
-9
Let d(p) = -p**3 + 7*p**2 + 8*p - 3. Let j = -40 + 34. Let q = 2 - j. What is d(q)?
-3
Let u(a) = 5*a - 1. Suppose 4*z + 24 = 5*t - t, -5*z - 38 = -t. Let p = z + 12. Suppose -p*k - w + 0*w = -7, k = -5*w - 3. Calculate u(k).
9
Suppose 2*f - a - 24 = 2*a, -4*f = a - 34. Suppose f*n + 112 = 25*n. Let t(w) = 5*w - 8. Let l(p) = -p. Let x(m) = -3*l(m) - t(m). Calculate x(n).
-6
Let z = 92 - 87. Suppose -11 = -g + z*u, 2*u = -2*g - 2*g. Let d(x) = -8*x**3 - x**2 + 1. Calculate d(g).
-8
Let s(m) = -2*m**2 - 9*m + 2. Let d(r) = r**2 + 8*r - 1. Let g(w) = 6*d(w) + 5*s(w). Let c(t) = 5*t**2 - 2*t - 5. Let l(z) = 5*c(z) + 6*g(z). Give l(-7).
-8
Let s(p) = p**3 + 2*p**2 - p - 2. Let t be (-205)/164*16/(-10). Give s(t).
12
Let s(b) = -2*b**3 - 9*b**2 + 6*b. Let v = -81 - -76. Let u be s(v). Let g(j) = -2*j - 4. Determine g(u).
6
Let j(h) = -h**3 - 4*h**2 - h + 4. Let s be j(-3). Let q(w) = -2*w**3 - 3*w**2 - w - 2. Calculate q(s).
4
Suppose -3*l - 15 = -4*j, -2*l + 3*j = 3*l + 14. Let p(n) = 6*n + 1. Let m(z) = -7*z - 1. Let u = 6 + -9. Let o(a) = u*m(a) - 4*p(a). Give o(l).
2
Let v = 54 + -39. Suppose 11*w - 8*w + v = 0. Let s(z) = z**2 + 5*z - 3. Determine s(w).
-3
Let m(a) be the first derivative of 0*a + 2 - 3/2*a**2. Suppose 20*k = -20 - 0. Calculate m(k).
3
Let t(p) = 149*p + 4*p**2 - 300*p + 3 + 157*p. What is t(-4)?
43
Let u = 337 + -241. Let w(m) = 47 + 2*m**2 + 7*m + 52 - m**2 - u. What is w(-6)?
-3
Let v(b) = 7*b. Let a = 240 - 242. What is v(a)?
-14
Let w(d) = -34*d - 1. Let y(o) = -2*o**2 + 47*o + 22. Let a be y(24). What is w(a)?
67
Let y(k) = 6 + 2*k**2 + k - 2*k**2 - k**2. Suppose -4*n - 3 = -5*n. Suppose n*s + s = -s. Calculate y(s).
6
Let x(o) = -2*o - 1. Let f(t) = 5*t + 8. Let p(h) = f(h) + 3*x(h). Give p(14).
-9
Let s(u) = u + 6. Let t be 0/(-3 + (3 - -2)). Let d be 1 + -2 + (3 - -4). Suppose -2*b